mainder when 733831 is divided by 33355?
21
Calculate the remainder when 76231265 is divided by 31605.
5
What is the remainder when 2739916 is divided by 8643?
85
What is the remainder when 317646 is divided by 137?
80
Calculate the remainder when 1955105 is divided by 122194.
1
Calculate the remainder when 261478 is divided by 260911.
567
Calculate the remainder when 2481816 is divided by 1419.
1404
Calculate the remainder when 3309781 is divided by 2546.
2527
Calculate the remainder when 185339838 is divided by 164.
158
What is the remainder when 124650 is divided by 5721?
4509
Calculate the remainder when 51195366 is divided by 68.
2
Calculate the remainder when 16839 is divided by 1155.
669
What is the remainder when 11288500 is divided by 2926?
2918
What is the remainder when 3527595 is divided by 310?
105
What is the remainder when 55314909 is divided by 1246?
1231
What is the remainder when 4361898 is divided by 5313?
5238
Calculate the remainder when 1339302 is divided by 66964.
22
Calculate the remainder when 1402989 is divided by 452.
433
Calculate the remainder when 171700406 is divided by 98.
94
Calculate the remainder when 2445703 is divided by 1251.
1249
Calculate the remainder when 359764 is divided by 8173.
152
What is the remainder when 442305 is divided by 9615?
15
What is the remainder when 62953536 is divided by 7153?
7136
What is the remainder when 6488687 is divided by 157?
34
Calculate the remainder when 20391704 is divided by 100.
4
What is the remainder when 73824 is divided by 747?
618
What is the remainder when 657161 is divided by 305?
191
What is the remainder when 6049592 is divided by 12?
8
What is the remainder when 383559 is divided by 3581?
392
What is the remainder when 2186562 is divided by 578?
566
Calculate the remainder when 2876421 is divided by 541.
465
What is the remainder when 3199759 is divided by 25393?
241
Calculate the remainder when 968046 is divided by 322680.
6
Calculate the remainder when 37854382 is divided by 3441305.
27
Calculate the remainder when 69984 is divided by 1841.
26
Calculate the remainder when 1783706 is divided by 18.
14
Calculate the remainder when 3603079 is divided by 356.
3
What is the remainder when 274670 is divided by 137274?
122
Calculate the remainder when 441118437 is divided by 532.
529
Calculate the remainder when 4213716 is divided by 2106722.
272
What is the remainder when 3006313 is divided by 85876?
653
What is the remainder when 113730319 is divided by 7655?
7639
What is the remainder when 9697 is divided by 900?
697
Calculate the remainder when 152308 is divided by 1561.
891
What is the remainder when 12892164 is divided by 814?
32
What is the remainder when 2907641 is divided by 35459?
3
What is the remainder when 2730008 is divided by 236?
196
What is the remainder when 3647409 is divided by 213?
210
What is the remainder when 3827570 is divided by 103444?
142
Calculate the remainder when 554603 is divided by 200.
3
What is the remainder when 321866 is divided by 137?
53
What is the remainder when 2545539 is divided by 45456?
3
Calculate the remainder when 78615 is divided by 2368.
471
Calculate the remainder when 393855055 is divided by 112.
111
Calculate the remainder when 15667900 is divided by 98.
52
Calculate the remainder when 6664 is divided by 1048.
376
What is the remainder when 7184267 is divided by 3094?
3093
What is the remainder when 1251004 is divided by 7770?
34
What is the remainder when 168268798 is divided by 76?
10
What is the remainder when 5265659 is divided by 97?
14
What is the remainder when 32501557 is divided by 17?
5
Calculate the remainder when 1070369869 is divided by 71.
68
Calculate the remainder when 1063718 is divided by 515.
243
What is the remainder when 919348 is divided by 114916?
20
Calculate the remainder when 1494409 is divided by 2254.
7
Calculate the remainder when 3783 is divided by 466.
55
Calculate the remainder when 11321 is divided by 743.
176
Calculate the remainder when 11104649 is divided by 3701519.
92
Calculate the remainder when 339236 is divided by 4980.
596
Calculate the remainder when 1068603 is divided by 239.
34
What is the remainder when 58908 is divided by 19247?
1167
What is the remainder when 1205875 is divided by 241171?
20
Calculate the remainder when 23861 is divided by 1234.
415
Calculate the remainder when 46579262 is divided by 133.
2
Calculate the remainder when 3626625 is divided by 465.
90
What is the remainder when 66534 is divided by 525?
384
What is the remainder when 245152 is divided by 49030?
2
Calculate the remainder when 4703560 is divided by 311.
307
Calculate the remainder when 20553 is divided by 8646.
3261
What is the remainder when 81825 is divided by 16323?
210
Calculate the remainder when 14144695 is divided by 261938.
43
What is the remainder when 91960 is divided by 1259?
53
What is the remainder when 38380 is divided by 19124?
132
What is the remainder when 834748 is divided by 166924?
128
What is the remainder when 17136605 is divided by 28?
17
Calculate the remainder when 24831278 is divided by 2349.
2348
What is the remainder when 3013705 is divided by 54792?
145
What is the remainder when 510607 is divided by 2933?
265
What is the remainder when 51270 is divided by 1835?
1725
Calculate the remainder when 834716 is divided by 5283.
2
What is the remainder when 10981667 is divided by 610092?
11
What is the remainder when 1320699 is divided by 4417?
16
What is the remainder when 26558968 is divided by 1931?
1925
What is the remainder when 8317705 is divided by 32491?
9
Calculate the remainder when 260381 is divided by 202.
3
What is the remainder when 10343408 is divided by 931?
929
What is the remainder when 196528 is divided by 2727?
184
Calculate the remainder when 12692443 is divided by 1492.
1491
What is the remainder when 7885990 is divided by 95?
40
What is the remainder when 84635 is divided by 843?
335
Calculate the remainder when 78077 is divided by 77967.
110
What is the remainder when 642121 is divided by 6552?
25
What is the remainder when 39785654 is divided by 1423?
1420
What is the remainder when 3167234 is divided by 143964?
26
Calculate the remainder when 8096917 is divided by 20.
17
What is the remainder when 10510294 is divided by 14339?
14146
What is the remainder when 82152973 is divided by 910?
903
Calculate the remainder when 1331374 is divided by 166.
54
Calculate the remainder when 190340 is divided by 107.
94
What is the remainder when 8955520 is divided by 315?
70
Calculate the remainder when 455990 is divided by 813.
710
Calculate the remainder when 625896 is divided by 319.
18
What is the remainder when 651249 is divided by 216640?
1329
What is the remainder when 1124583 is divided by 4002?
21
Calculate the remainder when 156980 is divided by 822.
800
What is the remainder when 1232231 is divided by 1709?
42
What is the remainder when 2221793 is divided by 485?
8
What is the remainder when 4118899 is divided by 1372906?
181
What is the remainder when 54728 is divided by 2583?
485
Calculate the remainder when 93481 is divided by 9223.
1251
Calculate the remainder when 225293 is divided by 45057.
8
What is the remainder when 1801511 is divided by 39?
23
What is the remainder when 8126435 is divided by 427707?
2
What is the remainder when 88648 is divided by 11?
10
What is the remainder when 27053761 is divided by 94?
91
What is the remainder when 483851 is divided by 214?
211
What is the remainder when 45576 is divided by 8826?
1446
Calculate the remainder when 36820 is divided by 36477.
343
Calculate the remainder when 18601635 is divided by 123.
99
What is the remainder when 199967 is divided by 1999?
67
What is the remainder when 23650822 is divided by 90?
82
Calculate the remainder when 7093547 is divided by 77.
76
What is the remainder when 242428002 is divided by 322?
320
Calculate the remainder when 7015177 is divided by 12116.
13
What is the remainder when 1294947 is divided by 134?
105
What is the remainder when 1275543 is divided by 136?
135
What is the remainder when 18536826 is divided by 13?
9
Calculate the remainder when 16911188 is divided by 1127411.
23
Calculate the remainder when 8228 is divided by 6828.
1400
What is t